late the remainder when 27 is divided by u.
2
Let r(l) = -25*l + 24. Calculate the remainder when r(-5) is divided by 31.
25
Suppose 5*t + 11*u - 6*u = 205, -141 = -3*t + 3*u. What is the remainder when 171 is divided by t?
39
Suppose 51 = 4*l + 3*r, 0*l - 2*r + 69 = 5*l. Calculate the remainder when 21 is divided by (-8)/(-20) + 174/l.
9
Let u = -5 - -6. Let i be -3*(-12)/9 - u. Let x = 12 - i. What is the remainder when x is divided by 4?
1
Let o = 3 - 3. Suppose u + 4*x - 13 = 0, o = -0*x + x + 1. What is the remainder when 32 is divided by u?
15
Suppose 4*v + 6 = 6*v. What is the remainder when 3 is divided by v?
0
Let i(a) = -6*a + 14. Let c(n) = 7*n - 15. Let r(h) = 5*c(h) + 6*i(h). What is the remainder when 33 is divided by r(-8)?
16
Let k(q) = q**3 + 5*q**2 + q - 3. Let f(g) = 2*g**2 + g. Let w be f(1). Suppose -w*t + 53 - 5 = 0. What is the remainder when t is divided by k(-4)?
7
What is the remainder when (-4 - 4/(-2))/((-6)/267) is divided by 23?
20
Let d(f) = 4*f + 4. Let n be (-8)/(-28) + (-192)/(-14). Let k = n - 9. Calculate the remainder when d(k) is divided by 13.
11
Suppose 20 = 5*s - 40. Suppose 0 + s = 3*w. Calculate the remainder when 6 is divided by w.
2
Let t(q) = q**2 - 18*q + 8. Calculate the remainder when t(19) is divided by 7.
6
Let h(o) = -o - 3. Let t be h(-3). Let u = 2 - t. What is the remainder when u is divided by 2?
0
Calculate the remainder when (-6)/2 + 92 - 1 is divided by 23.
19
Suppose -6 = -3*t + 4*i - i, 0 = 5*t - 3*i - 6. Suppose 3*c + 9 = 0, -2*m + t*c + 18 = 2*c. Let d = m - -5. Calculate the remainder when d is divided by 6.
5
Let o = 22 - 7. Calculate the remainder when o is divided by 9.
6
Let w(k) = k**3 - 3*k**2 - k + 5. Let u = 0 + 5. Let m = -4 - -17. What is the remainder when w(u) is divided by m?
11
Suppose 0 = 5*k - a + 2*a - 26, k + 5*a - 10 = 0. Suppose -k*o = -26 - 54. Let d(h) = -29*h**3 - h. What is the remainder when d(-1) is divided by o?
14
Let w(k) = -k**3 - 2*k**2 - 4. Let s be w(-3). Let u(p) = -p**3 + 5*p**2 + 5*p - 7. What is the remainder when (-7)/(-2)*10*1 is divided by u(s)?
17
Suppose q = h, -3*h + 16 = q + 4*q. Calculate the remainder when (-1)/(-4)*2*10 is divided by q.
1
Let s be (-9)/(0 + 3/(-2)). Let b be ((-9)/s)/(6/(-8)). Suppose 6*x = x - b*t + 34, 3*x - t = 16. Calculate the remainder when x is divided by 4.
2
Suppose 2*x + 2*d + 20 = -2*d, -d = -3. Let h = x + 24. Calculate the remainder when 15 is divided by h.
7
Let l = 168 - 92. What is the remainder when l is divided by 22?
10
Let a be 2/12 + (-220)/24. Let n = 14 + a. What is the remainder when 33 is divided by 3/n - 126/(-15)?
6
Suppose -246 = 15*w - 18*w. What is the remainder when w is divided by 14?
12
Let h = 6 - 7. Let v(o) = 4*o**2 - 2*o + 3. Calculate the remainder when (h + -95)/(-3) + -3 is divided by v(2).
14
Let x(k) = -k - 3. Let q be x(-4). Let t(v) = v**2 + 4*v + 4. Let u be t(-3). What is the remainder when 19/(2 - u) + q is divided by 11?
9
Let h(v) = 23*v - 2. Let t(c) = -22*c + 2. Let q(l) = -4*h(l) - 5*t(l). Suppose 9 = -4*g + 7*g. Calculate the remainder when q(g) is divided by 18.
16
Let x(a) = a. Let i be ((-2)/4)/((-3)/12). Calculate the remainder when 3 is divided by x(i).
1
Let y(r) = -r**2 + 7*r - 5. Let d be 1*4*28/8. Suppose -d = m - 3*u, -m = m - u + 3. Calculate the remainder when y(6) is divided by m.
0
Suppose -12 = -3*g - g. Suppose -219 = -4*d - b, 2*d - d - g*b = 71. What is the remainder when d is divided by 29?
27
Suppose 0 = g - 4*t - 26, -5*g - t + 6*t = -130. Suppose 0 = 5*a - 0*j - 4*j + 1058, -a = -j + 212. Calculate the remainder when g is divided by a/(-24) + 2/8.
8
Suppose 4 = 4*b, -2*t - 2*b = -19 + 3. Let f(r) = -r - 2. Let y be f(-5). Suppose -y*k - 2*k + 125 = 0. Calculate the remainder when k is divided by t.
4
Let s be 12*((-2)/1 - -8). Suppose 2*w - 4*w = -5*i + s, 4*i - 2*w - 58 = 0. Let t(c) = -6*c + 148. Calculate the remainder when t(18) is divided by i.
12
Calculate the remainder when 214 is divided by 0 + -7 + 3 - -31.
25
Let c(a) = -2*a + 3. What is the remainder when 93/(-2)*6/(-9) is divided by c(-4)?
9
Suppose -3*i - 106 = -5*j + 118, 4*j - i = 182. Suppose 17*r - 348 = -76. What is the remainder when j is divided by r?
14
Let a be (1/(-4))/(10/(-120)). Suppose 5 = a*c - 37. Calculate the remainder when 24 is divided by c.
10
Suppose 0*l - l = 3*p - 230, -4*p + 308 = 2*l. Calculate the remainder when p is divided by (-26)/(-2)*(12 + -10).
24
Suppose 0 = 2*s - 5*u - 33 - 34, -5*s + 151 = 4*u. What is the remainder when s is divided by 12?
7
Suppose -3*s = 3*t - 66, 5*s - 3*t - 110 = 2*t. What is the remainder when 42 is divided by s?
20
Suppose -4*i = -32 - 12. What is the remainder when 75 is divided by i?
9
Suppose 3*a + 0*p - 177 = 3*p, 5*a = -2*p + 323. What is the remainder when a is divided by 11?
8
What is the remainder when 111 is divided by (38/7)/(6/42)?
35
Suppose l = -4*j + 117, 3*j + 2*l - 15 = 69. Suppose 4*v + j = 114. What is the remainder when v is divided by (-1)/2*0 - -11?
10
Suppose -31*q + 34*q - 9 = 0. Calculate the remainder when 7 is divided by q.
1
Let f(m) be the second derivative of -13*m**5/20 - m**4/6 - m**3/3 - m**2/2 + 2*m. What is the remainder when 22 is divided by f(-1)?
10
Suppose 3 = -3*d + 4*w + 12, 0 = 2*d + 5*w - 29. Let o = -5 + d. Calculate the remainder when 7 is divided by o.
1
Suppose 9*u - 6 = 4*u + 4*l, 2*u + 1 = 5*l. Calculate the remainder when 5 is divided by u.
1
Let j(f) = f - 1. Let i(x) = x**2 - 9*x + 2. Let k(s) = -i(s) - 2*j(s). Let b = 29 + -23. Calculate the remainder when 11 is divided by k(b).
5
Let f(v) = v**2 - 2*v - 1. Let n be f(3). Suppose -n*b - 6 + 64 = 0. Calculate the remainder when b is divided by 10.
9
Suppose 4*j = 5*u + 66, 3*j + u = 2*u + 55. Suppose -63*d + 5 = -58*d. Calculate the remainder when (d - -1*39) + -3 is divided by j.
18
Let c be 1 + -13 - (-20)/(-5). Let j(g) = g + 23. Calculate the remainder when 11 is divided by j(c).
4
Suppose -5*r - 45 = 2*v + v, 3*v + 2*r = -45. Let w = 28 + v. What is the remainder when 38 is divided by w?
12
Suppose 2*r + 2*r - 40 = 0. Let z = 24 - r. Calculate the remainder when z is divided by 5.
4
Let o(b) = 5*b - 14. Calculate the remainder when o(4) is divided by 4.
2
Let s = 39 - 17. Let l = 26 - s. What is the remainder when 17 is divided by l?
1
Let z(d) = -d**3 + 5*d**2 + 6*d + 4. Let u be z(6). What is the remainder when (u/((-4)/119))/(-1) is divided by 30?
29
Let s = 10 - -29. What is the remainder when s is divided by 21?
18
Suppose 179*b - 175*b - 100 = 0. Suppose -3*x + 21 = -5*f, -5*x = 2*f + f - 35. Calculate the remainder when b is divided by x.
4
Let x be 2*-2 + -4 + 5. Calculate the remainder when x/9 - 62/(-6) is divided by 6.
4
Let v = -360 + 239. Let i = v - -208. Suppose x - i = -2*x. Calculate the remainder when x is divided by 16.
13
Let p = -31 + 101. Suppose 6*j - p = j. Calculate the remainder when 54 is divided by j.
12
Let s = 22 + -17. Suppose 128 = s*h - 17. Calculate the remainder when h is divided by 11.
7
Let x(o) = o**3 + o - 6. Let c be x(6). Suppose 3*b = k - 18 - 40, -4*k = 4*b - c. What is the remainder when k is divided by 14?
13
Let d be 0/(1 - -2) + -4. Let c(u) = -u**3 - 2*u**2 + 5. Calculate the remainder when c(d) is divided by 15 + 1/((-1)/2).
11
Let y(d) = d**2 + 4*d - 4. What is the remainder when (4/6)/((-14)/(-462)) is divided by y(-6)?
6
Suppose 3*n + 3*n = 96. Let v = -28 - -74. Calculate the remainder when v is divided by n.
14
Suppose -328 + 13 = -5*c. Calculate the remainder when 313 is divided by c.
61
Suppose 0*k + 7*k = 154. Let o = k + -17. What is the remainder when 9 is divided by o?
4
Let g(w) = 5*w + 1. What is the remainder when g(6) is divided by 17?
14
Suppose 22*o = 27*o - 90. Calculate the remainder when o is divided by 5.
3
Let a(g) = 10*g**2 + g - 1. Let o be 3*((-2)/(-6) + -1). Calculate the remainder when a(o) is divided by 6/9 + (-37)/(-3).
11
Suppose -4*b + 78 = -3*f, 0 = -2*b + 2*f + 2*f + 44. Suppose -z = -25 - 28. Calculate the remainder when z is divided by b.
17
Let v(g) = 13*g**2 - 3*g. Let j be (1 - -5)/(-3) - -4. Let a be v(j). Suppose h + a = 3*h. What is the remainder when h is divided by 8?
7
Let q be (9/(-4))/(3/(-12)). Let z = 13 - q. Calculat